 o - 2*o. What is the remainder when 28 is divided by t(0)?
8
Let j = 6 + -3. Suppose -j*i + 0*i = 93. Calculate the remainder when (1 - 3)*i/2 is divided by 16.
15
Let n(h) = -4*h**2 - 6*h + 16. Let f(u) = u**2 + u - 3. Let l(y) = 11*f(y) + 2*n(y). Suppose 3*z - 45 = -0*z. What is the remainder when l(-3) is divided by z?
14
Let v(p) be the first derivative of p - 1/3*p**3 + 0*p**2 - 3 + 5/4*p**4. What is the remainder when v(1) is divided by 3?
2
Let k be 2/((-4)/10) - -2. Calculate the remainder when (-111)/(-3) - (4 + k) is divided by 13.
10
Let z(m) = -6*m**3 - m**2 + m + 1. Let c be z(-1). Suppose -c*i = 13 - 43. What is the remainder when 11 is divided by i?
5
Suppose -11*k + 223 + 107 = 0. What is the remainder when k is divided by 11?
8
Let i(k) = -k**3 + 17*k**2 + 21*k + 10. What is the remainder when 190 is divided by i(18)?
62
Let a = -15 + 31. Suppose -2*x + 21 = 5*m - 3*x, 0 = -4*m + x + a. Suppose 4*f = -m*d + 90, -4*f + 18 = d - 0*d. What is the remainder when 52 is divided by d?
16
Let d(r) = r**3 + 11*r**2 + r + 20. What is the remainder when d(-11) is divided by 2/((-4)/(-2))*5?
4
Suppose 35 = 3*h - 34. Suppose -w - 8 = -5*w. Suppose -p - w*p = -24. Calculate the remainder when h is divided by p.
7
Let a be (-12)/8*(-56)/6. What is the remainder when 23 is divided by a + (-6)/(-9)*-3?
11
Suppose 4*j - 2 = 18. Suppose -6 = -3*u - 0, 3*d + j*u = 91. Let o = -12 + d. Calculate the remainder when o is divided by 8.
7
Let y(n) = n**3 + 10*n**2 + 9*n + 1. Let x be y(-9). Suppose 2*r + 3 = -q, -4*q + 2*r + 19 = x. What is the remainder when 3 is divided by q?
0
Suppose 5*b = 22 - 2, 0 = -w + 2*b + 38. What is the remainder when w is divided by 4?
2
Suppose 2*s = -4*n + 5 + 7, 4*n + 24 = s. Calculate the remainder when 27 is divided by s.
3
Let c be (16/40)/(1/5). Suppose c*z = 5*z - o - 22, 5*z - 2*o - 36 = 0. Calculate the remainder when 29 is divided by z.
5
Let g(n) = n**2 - 2*n - 7. Let c be g(-5). Suppose 5*t + w - 48 = 2*w, -w = -3*t + c. Calculate the remainder when 28 is divided by t.
8
Suppose -3*o = 3*f - 39, -26 = -2*o + 3*f + 20. Calculate the remainder when 49 is divided by o.
15
Suppose -4*q = 77 - 1985. Suppose -q = -5*x + 148. Calculate the remainder when x is divided by 32.
29
What is the remainder when (92/(-6))/((-12)/18) is divided by 13?
10
Let m = 60 + -35. Suppose 8*r + 2*r - 980 = 0. Calculate the remainder when r is divided by m.
23
Suppose -4 = -2*n - 3*d, -5*n - 3*d + 23 - 4 = 0. Calculate the remainder when n is divided by 4.
1
Let g(v) be the second derivative of -v**5/20 + 2*v**3/3 + v**2/2 + 3*v. Calculate the remainder when 31 is divided by g(-3).
15
Suppose -v = -4*p - 0*v + 12, 0 = p - 5*v - 22. Let f be (-2)/(-4)*p + -1. Suppose -n + 16 = -f*n. Calculate the remainder when 31 is divided by n.
15
Let z(o) = -2*o**2 + o + 11*o + 11 + 3*o**2. What is the remainder when 20 is divided by z(-12)?
9
Suppose 0 = -11*o - 5*o + 656. Calculate the remainder when o is divided by 14.
13
Suppose 4*f - 3 = 5. Calculate the remainder when 5 is divided by f/(-5) + 24/10.
1
Suppose -8*x + 200 = -3*x. What is the remainder when x is divided by 11?
7
What is the remainder when (90/20)/(1/2) is divided by 4?
1
Let q(s) = s**3 - 6*s**2 - 6*s - 1. Let v be q(7). Calculate the remainder when 14 is divided by v/((-1)/(6/(-9))).
2
Let h(l) = l**2 + l + 1. Let y be h(-2). Suppose 10 + 58 = -y*c + 2*f, 0 = 3*c - 3*f + 66. What is the remainder when ((-43)/4)/(6/c) is divided by 15?
13
Let b = -372 - -548. Let c = -108 + b. Calculate the remainder when 4/10 - c/(-5) is divided by 8.
6
Suppose 6*q - 322 - 314 = 0. What is the remainder when q is divided by 27?
25
Let b(l) = 2*l**3 + 5*l**2 - 5*l + 5. What is the remainder when b(3) is divided by 30?
29
Let c(z) = 2*z**2 + 1 + 10*z**2 + 2*z**3 - 10*z - 3*z**3. Calculate the remainder when 47 is divided by c(11).
11
Let y = 0 - -3. Suppose -14*t + 9*t = -40. Calculate the remainder when t is divided by y.
2
Let s(w) = w**2 - 15*w - 22. Let k(y) = y**2 + y - 5. Calculate the remainder when s(17) is divided by k(-4).
5
Suppose 0 = 5*y - 15 - 5. Suppose 0 = -2*j + y. Suppose -j*h - 3*h = -50. Calculate the remainder when h is divided by 6.
4
Let p be 2/((3/(-1))/(-6)). Suppose 0 = -2*f + 2*b + 114, -p*b - 1 = 3. What is the remainder when f is divided by 19?
18
Let a = 5 + -9. Let n be (3/(-2))/(3/a). Suppose n*d - 13 = 3. Calculate the remainder when 15 is divided by d.
7
Suppose -50 = -v + u + 4*u, -2*u + 65 = 3*v. Suppose 3*c = 2*o - 41, 4*o = -o + 2*c + 75. Calculate the remainder when v is divided by o.
12
What is the remainder when 30 is divided by 11/22 - (-62)/4?
14
Suppose 0 = -4*y + 5*y. Suppose -4*v - 2*f + 46 = y, 2*v + 3*f + f - 20 = 0. What is the remainder when 23 is divided by v?
11
Let s be (-1 - 2)/3*1. Calculate the remainder when 3/(-6)*s*124 is divided by 21.
20
Let m = 106 + -54. Let i = 88 - m. Suppose -3*g + i = -33. Calculate the remainder when 67 is divided by g.
21
Suppose 606 = 5*d - 4*w + 223, -5*d = -5*w - 385. Calculate the remainder when d is divided by 38.
37
Let q = 10 - 6. Calculate the remainder when 14 is divided by q.
2
Suppose -3*c + 7 = -5. Let p(s) = s**3 + s + 3. What is the remainder when c is divided by p(0)?
1
Let b be -2 + 2/(4/14). Suppose -2*w = -2*p - 0*p + 4, 5*w + b*p = 20. Let y = 3 - w. What is the remainder when 2 is divided by y?
0
Let t(f) = f**3 + 5*f**2 + f + 7. Let l be t(-5). Let k(g) = 4*g**2 - g + 1. Let r(i) = 11*i - 1. What is the remainder when r(4) is divided by k(l)?
13
Suppose 10 = -2*j - 6. Let i = 18 + j. Suppose 0*g - 18 = -g + o, 4*g + 3*o = 79. What is the remainder when g is divided by i?
9
Let i(k) = -k**3 - 10*k**2 - 33*k + 5. What is the remainder when i(-8) is divided by 12?
9
Suppose 2*y + p = 6, -y + p = -2*p - 3. Suppose 39 - y = 4*w. Suppose 32 = 3*o + 3*i - 64, -3*o + 4*i + 110 = 0. What is the remainder when o is divided by w?
7
Let w be 1/(0 + (-3)/54). What is the remainder when 22 is divided by (w/5)/(9/(-30))?
10
Let h = 325 + -165. Suppose -4*f + h = -4*u, 25 = 2*f - 5*u - 55. Calculate the remainder when f is divided by 2 - (2 - 21) - 0.
19
Let t(p) be the first derivative of 6*p**2 - 5*p + 2. What is the remainder when t(4) is divided by 22?
21
Suppose -3*i + 131 = -0*i + 5*g, 5*i + 4*g = 227. What is the remainder when i is divided by 17?
13
Suppose -3*h = 5*q - 123, 30 + 30 = 2*h - 4*q. Suppose -5*k = -a - h - 3, 19 = 5*k + 4*a. What is the remainder when k is divided by 3?
1
Let b(i) = -i + 9. Let p be b(6). Suppose -30 = -z + 2*m, z + z - p*m - 65 = 0. What is the remainder when z is divided by 14?
12
Let z(k) = k**3 - 9*k**2 + 9*k. What is the remainder when ((-232)/(-16) + 1)/(1/2) is divided by z(8)?
7
Let z = 10 + 16. What is the remainder when z is divided by ((-3)/(-1))/(9/42)?
12
Calculate the remainder when 1242/(-3)*5/(-10) is divided by 30.
27
Let o = -8 + 19. What is the remainder when o is divided by 4?
3
Suppose 0 = -5*s + 24 + 6. Let b(d) = -d**3 + 5*d**2 - 4*d + 5. What is the remainder when b(4) is divided by s + -1 + -3 - 0?
1
Let x = -349 - -561. Let a = -135 + x. Calculate the remainder when a is divided by 26.
25
Let j be 10*(-3)/(-6) - -1. Let v = j + -8. Calculate the remainder when 16 is divided by (-20 - 1*-2)/v.
7
Suppose -c = -4*y - 16, -27 = -2*c - y - 4. Calculate the remainder when c is divided by 4.
0
Suppose -x + 2*x - 116 = 0. Let i = x + -76. Suppose r + 3*r = h + 60, -2*h = 2*r - i. What is the remainder when 61 is divided by r?
13
Calculate the remainder when 2 + (-4 - -57) + -3 is divided by 9.
7
Suppose -41 = -7*n + 92. What is the remainder when 111 is divided by n?
16
Let w = 17 + -29. Let o be (w/10)/((-1)/5). Suppose 120 = o*d - d. Calculate the remainder when d is divided by 13.
11
Let s(l) = -l**2 - 16*l + 17. What is the remainder when s(-16) is divided by 4?
1
Let v be (-20)/(-6)*(-3)/(-2). Suppose -3*l - 5*b - 3 = l, 0 = -v*l - 3*b - 20. Calculate the remainder when 42 is divided by 79/7 + 2/l.
9
Let t = 141 - 125. Calculate the remainder when 43 is divided by t.
11
Suppose -29*y - 8 = -30*y. Calculate the remainder when 11 is divided by y.
3
Suppose -4*f - 5*y + 44 = -0*f, 0 = 3*f + 3*y - 30. Calculate the remainder when 7 is divided by 